{"id":3327,"date":"2015-12-16T17:15:01","date_gmt":"2015-12-16T17:15:01","guid":{"rendered":"http:\/\/redocean.pt\/rede\/?page_id=3327"},"modified":"2021-02-02T15:34:06","modified_gmt":"2021-02-02T15:34:06","slug":"politica-de-ambiente","status":"publish","type":"page","link":"https:\/\/test.redenergia.pt\/?page_id=3327","title":{"rendered":"Pol\u00edtica de Ambiente"},"content":{"rendered":"<div class=\"wpb-content-wrapper\"><p>[vc_row css=&#8221;.vc_custom_1432035615145{margin-right: 5% !important;margin-left: 5% !important;}&#8221;][vc_column][vc_empty_space height=&#8221;35px&#8221;][vc_row_inner][vc_column_inner][vc_custom_heading text=&#8221;<strong>Pol\u00edtica de Ambiente<\/strong>&#8221; google_fonts=&#8221;font_family:Open%20Sans%3A300%2C300italic%2Cregular%2Citalic%2C600%2C600italic%2C700%2C700italic%2C800%2C800italic|font_style:300%20light%20regular%3A300%3Anormal&#8221; el_class=&#8221;short&#8221;][vc_column_text]<\/p>\n<div class=\"content clearfix\">A Pol\u00edtica Ambiental definida no seio do Agrupamento R3E , procura responder \u00e0 prote\u00e7\u00e3o do meio ambiente e ao desenvolvimento sustent\u00e1vel, associados \u00e0 sua atividade e levada a cabo por todas as entidades que interv\u00eam em todos os trabalhos e servi\u00e7os no \u00e2mbito do Contrato de Empreitada Cont\u00ednua com a E-Redes.<\/div>\n<p>[\/vc_column_text][vc_column_text]<\/p>\n<div style=\"margin-bottom: 15px;\">Assim, a R3E compromete-se a tomar medidas e a desenvolver as a\u00e7\u00f5es necess\u00e1rias para:<\/div>\n<ul>\n<li>Promover a melhoria cont\u00ednua do desempenho ambiental;<\/li>\n<li>Prevenir a polui\u00e7\u00e3o;<\/li>\n<li>Promover uma gest\u00e3o adequada de res\u00edduos;<\/li>\n<li>Prevenir e reduzir os impactes ambientais associados a situa\u00e7\u00f5es de emerg\u00eancia;<\/li>\n<li>Minimizar os seus impactes ambientais significativos e garantir a identifica\u00e7\u00e3o de novos impactes ambientais associados ao Contrato com a E-Redes;<\/li>\n<li>Cumprir os requisitos legais aplic\u00e1veis \u00e0 actividade da empresa e os exig\u00edveis pela Pol\u00edtica de Ambiente da EDP;<\/li>\n<li>Assegurar que na presta\u00e7\u00e3o de servi\u00e7os \u00e0 R3E s\u00e3o cumpridos os requisitos legais e as regras ambientais estabelecidas;<\/li>\n<li>Acompanhar e avaliar periodicamente objetivos e metas, tendo em conta os impactes ambientais significativos;<\/li>\n<li>Promover a comunica\u00e7\u00e3o e colabora\u00e7\u00e3o com todas partes intervenientes e interessadas;<\/li>\n<li>Sensibilizar e envolver todos os colaboradores e Respons\u00e1veis das Empresas parceiras para uma conduta ambiental correta.<\/li>\n<\/ul>\n<div class=\"content clearfix\"><\/div>\n<div class=\"content clearfix\">Tanto a Dire\u00e7\u00e3o Geral como toda a Administra\u00e7\u00e3o da R3E assumem a Pol\u00edtica de Ambiente, definindo o Ambiente como um objetivo permanente e priorit\u00e1rio, para o desenvolvimento sustent\u00e1vel no crescimento e progresso das Empresas parceiras.<\/div>\n<p>[\/vc_column_text][\/vc_column_inner][\/vc_row_inner][\/vc_column][\/vc_row]<\/p>\n<\/div>","protected":false},"excerpt":{"rendered":"<p>[vc_row css=&#8221;.vc_custom_1432035615145{margin-right: 5% !important;margin-left: 5% !important;}&#8221;][vc_column][vc_empty_space height=&#8221;35px&#8221;][vc_row_inner][vc_column_inner][vc_custom_heading text=&#8221;Pol\u00edtica de Ambiente&#8221; google_fonts=&#8221;font_family:Open%20Sans%3A300%2C300italic%2Cregular%2Citalic%2C600%2C600italic%2C700%2C700italic%2C800%2C800italic|font_style:300%20light%20regular%3A300%3Anormal&#8221; el_class=&#8221;short&#8221;][vc_column_text] A Pol\u00edtica Ambiental definida no seio do Agrupamento R3E , procura responder \u00e0 prote\u00e7\u00e3o do meio ambiente e ao desenvolvimento sustent\u00e1vel, associados \u00e0 sua atividade e levada a cabo por todas as entidades que interv\u00eam em todos os trabalhos e servi\u00e7os no \u00e2mbito [&hellip;]<\/p>\n","protected":false},"author":1,"featured_media":0,"parent":0,"menu_order":0,"comment_status":"open","ping_status":"open","template":"","meta":{"footnotes":""},"class_list":["post-3327","page","type-page","status-publish","hentry"],"_links":{"self":[{"href":"https:\/\/test.redenergia.pt\/index.php?rest_route=\/wp\/v2\/pages\/3327"}],"collection":[{"href":"https:\/\/test.redenergia.pt\/index.php?rest_route=\/wp\/v2\/pages"}],"about":[{"href":"https:\/\/test.redenergia.pt\/index.php?rest_route=\/wp\/v2\/types\/page"}],"author":[{"embeddable":true,"href":"https:\/\/test.redenergia.pt\/index.php?rest_route=\/wp\/v2\/users\/1"}],"replies":[{"embeddable":true,"href":"https:\/\/test.redenergia.pt\/index.php?rest_route=%2Fwp%2Fv2%2Fcomments&post=3327"}],"version-history":[{"count":20,"href":"https:\/\/test.redenergia.pt\/index.php?rest_route=\/wp\/v2\/pages\/3327\/revisions"}],"predecessor-version":[{"id":4195,"href":"https:\/\/test.redenergia.pt\/index.php?rest_route=\/wp\/v2\/pages\/3327\/revisions\/4195"}],"wp:attachment":[{"href":"https:\/\/test.redenergia.pt\/index.php?rest_route=%2Fwp%2Fv2%2Fmedia&parent=3327"}],"curies":[{"name":"wp","href":"https:\/\/api.w.org\/{rel}","templated":true}]}}